{"id":129,"date":"2019-07-13T14:38:02","date_gmt":"2019-07-13T14:38:02","guid":{"rendered":"https:\/\/oz-it.de\/?page_id=129"},"modified":"2019-07-18T14:04:46","modified_gmt":"2019-07-18T14:04:46","slug":"iot","status":"publish","type":"page","link":"https:\/\/oz-it.de\/?page_id=129","title":{"rendered":"IoT"},"content":{"rendered":"\n<p class=\"wp-block-paragraph\">Das Internet der Dinge (Internet of Things, IoT) ist der Motor f\u00fcr viele Fortschritte in der Informationstechnologie. Es ist ebenso die Basis f\u00fcr die Industrie 4.0, als auch f\u00fcr Smart Cities und jedwede Verkn\u00fcpfung der Echtwelt mit unseren digitalen Prozessen. Man spricht auch vom digitalen Zwilling (Digital Twin).<\/p>\n\n\n\n<figure class=\"wp-block-image\"><img loading=\"lazy\" decoding=\"async\" width=\"1024\" height=\"379\" src=\"https:\/\/oz-it.de\/wp-content\/uploads\/2019\/07\/city-3213676_1920-1024x379.jpg\" alt=\"\" class=\"wp-image-130\" srcset=\"https:\/\/oz-it.de\/wp-content\/uploads\/2019\/07\/city-3213676_1920-1024x379.jpg 1024w, https:\/\/oz-it.de\/wp-content\/uploads\/2019\/07\/city-3213676_1920-300x111.jpg 300w, https:\/\/oz-it.de\/wp-content\/uploads\/2019\/07\/city-3213676_1920-768x284.jpg 768w, https:\/\/oz-it.de\/wp-content\/uploads\/2019\/07\/city-3213676_1920-1200x444.jpg 1200w, https:\/\/oz-it.de\/wp-content\/uploads\/2019\/07\/city-3213676_1920.jpg 1920w\" sizes=\"auto, (max-width: 709px) 85vw, (max-width: 909px) 67vw, (max-width: 1362px) 62vw, 840px\" \/><\/figure>\n\n\n\n<p class=\"wp-block-paragraph\">Ohne die passende Intelligenz, bleiben aber alle vernetzten Ger\u00e4te dieser neuen Welt dumm und bieten keinen Mehrwert oder gar eine Wertsch\u00f6pfung.<\/p>\n\n\n\n<p class=\"wp-block-paragraph\">Durch DeepLearning und den Einsatz k\u00fcnstlicher Intelligenz, werden alle Teile dieses gigantischen Puzzles zu einem gro\u00dfen Kunstwerk vernetzt. Dazu ist es wichtig Dom\u00e4nenwissen (Knowhow aus den Prozessen) mit IT Knowhow zu verbinden. <\/p>\n\n\n\n<p class=\"wp-block-paragraph\">OZ-IT stellt die Plattform bereit, in der Dom\u00e4nenwissen mit IT Knowhow ausgetauscht werden kann. Wir bringen ausgewiesene Experten auf Kundenseite und auf Entwicklerseite zusammen und entwickeln gemeinsam mit unseren Kunden ein L\u00f6sung f\u00fcr echte Mehrwerte.<\/p>\n\n\n\n<p class=\"wp-block-paragraph\">Je nach Anforderung tritt OZ-IT als Vermittler, Moderator oder L\u00f6sungsanbieter auf, je nach dem, wie die Ausgangslage und das gew\u00fcnschte Ziel sich darstellen. Mit unserer breiten Kompetenz, kl\u00e4ren wir Infrastuktur-Vorausssetzungen genauso, wie die Modellierung von Prozessen und das Erstellen von Prototypen, bis hin zur Implementierung.<\/p>\n\n\n\n<p class=\"wp-block-paragraph\"><a href=\"https:\/\/oz-it.de\/?page_id=84\">Sprechen Sie uns an<\/a>, das ist der erste Schritt zu einer modernen und agilen IT.<\/p>\n","protected":false},"excerpt":{"rendered":"<p>Das Internet der Dinge (Internet of Things, IoT) ist der Motor f\u00fcr viele Fortschritte in der Informationstechnologie. Es ist ebenso die Basis f\u00fcr die Industrie 4.0, als auch f\u00fcr Smart Cities und jedwede Verkn\u00fcpfung der Echtwelt mit unseren digitalen Prozessen. Man spricht auch vom digitalen Zwilling (Digital Twin). Ohne die passende Intelligenz, bleiben aber alle &hellip; <a href=\"https:\/\/oz-it.de\/?page_id=129\" class=\"more-link\"><span class=\"screen-reader-text\">\u201eIoT\u201c <\/span>weiterlesen<\/a><\/p>\n","protected":false},"author":1,"featured_media":0,"parent":0,"menu_order":0,"comment_status":"closed","ping_status":"closed","template":"","meta":{"_crdt_document":"","footnotes":""},"class_list":["post-129","page","type-page","status-publish","hentry"],"jetpack_sharing_enabled":true,"_links":{"self":[{"href":"https:\/\/oz-it.de\/index.php?rest_route=\/wp\/v2\/pages\/129","targetHints":{"allow":["GET"]}}],"collection":[{"href":"https:\/\/oz-it.de\/index.php?rest_route=\/wp\/v2\/pages"}],"about":[{"href":"https:\/\/oz-it.de\/index.php?rest_route=\/wp\/v2\/types\/page"}],"author":[{"embeddable":true,"href":"https:\/\/oz-it.de\/index.php?rest_route=\/wp\/v2\/users\/1"}],"replies":[{"embeddable":true,"href":"https:\/\/oz-it.de\/index.php?rest_route=%2Fwp%2Fv2%2Fcomments&post=129"}],"version-history":[{"count":5,"href":"https:\/\/oz-it.de\/index.php?rest_route=\/wp\/v2\/pages\/129\/revisions"}],"predecessor-version":[{"id":144,"href":"https:\/\/oz-it.de\/index.php?rest_route=\/wp\/v2\/pages\/129\/revisions\/144"}],"wp:attachment":[{"href":"https:\/\/oz-it.de\/index.php?rest_route=%2Fwp%2Fv2%2Fmedia&parent=129"}],"curies":[{"name":"wp","href":"https:\/\/api.w.org\/{rel}","templated":true}]}}