{"id":43,"date":"2018-12-02T21:17:37","date_gmt":"2018-12-02T21:17:37","guid":{"rendered":"http:\/\/ozit.de\/?page_id=43"},"modified":"2024-04-26T09:38:36","modified_gmt":"2024-04-26T07:38:36","slug":"telekommunikation-aus-tradition","status":"publish","type":"page","link":"https:\/\/oz-it.de\/?page_id=43","title":{"rendered":"Telekommunikation aus Tradition"},"content":{"rendered":"\n<p class=\"wp-block-paragraph\">Unsere langj\u00e4hrige Erfahrung im Telefonanlagenbau gibt Ihnen die Sicherheit einer zuverl\u00e4ssigen Kommunikation. Geschulte und erfahrene Mitarbeiter erfassen Ihre Prozesse, sowie W\u00fcnsche und l\u00f6sen diese mit fachkundigem Wissen zu Telefonanlagen, Vernetzungen und dem Telefonmarkt. Sie k\u00f6nnen sich auf Ihr Gesch\u00e4ft konzentrieren und nutzen unsere stabilen und skalierbaren L\u00f6sungen f\u00fcr Ihren Erfolg.<\/p>\n\n\n\n<figure class=\"wp-block-image size-full\"><img loading=\"lazy\" decoding=\"async\" width=\"131\" height=\"47\" src=\"https:\/\/oz-it.de\/wp-content\/uploads\/2018\/12\/auerswald.png\" alt=\"\" class=\"wp-image-44\"\/><\/figure>\n\n\n\n<p class=\"wp-block-paragraph\">Als \u00fcber 50 Jahre am Mark bestehendes Familienunternehmen versteht Sie kein Telekommunikations-Anlagenhersteller besser als Auerswald. Bei Entwicklung, Fertigung und Service setzt Auerswald auf den Standort Deutschland und tr\u00e4gt damit zu Recht das Pr\u00e4dikat &#8222;Made in Germany&#8220;. Die Flexibilit\u00e4t von Auerswald zusammen mit der Dienstleistung von OZ IT bringt Ihre Kommunikation in zunkunftsorientierte Bahnen. Intelligente Telefonie-L\u00f6sungen erleichtern Ihre Arbeit und optimieren Ihre Arbeitsabl\u00e4ufe. Dabei stehen wir Ihnen seit 1996 als kompetenter Auerswald-Partner zur Seite.<\/p>\n\n\n\n<figure class=\"wp-block-image size-large\"><img loading=\"lazy\" decoding=\"async\" width=\"1024\" height=\"197\" src=\"https:\/\/oz-it.de\/wp-content\/uploads\/2024\/04\/DE_Logo_c-1024x197.png\" alt=\"\" class=\"wp-image-758\"\/><\/figure>\n\n\n\n<p class=\"wp-block-paragraph\">Moderne Kommunikation mit Placetel bedeutet, Sie nutzen eine Telefonanlage in der Cloud und erzeilen damit nicht nur eine noch nie dagewesene Flexibilit\u00e4t Ihrer Mitarbeiterinnen und Mitarbeiter, sondern integrieren Onlinekonferenzen mit Cisco WebEx oder Microsoft Teams nahtlos in Ihren Kommunikationsalltag. Nutzen Sie die<a href=\"https:\/\/www.placetel.de\/preise?ref=YueDfQDjxuA1Swy67FWfkSnHwKU5qtjW\" target=\"_blank\" rel=\"noreferrer noopener\"> kostenfreie Testvereion von Placetel<\/a> oder <a href=\"https:\/\/oz-it.de\/?page_id=84\">sprechen Sie uns direkt f\u00fcr eine Beratung an<\/a>.<\/p>\n\n\n\n<figure class=\"wp-block-image size-full\"><img loading=\"lazy\" decoding=\"async\" width=\"140\" height=\"47\" src=\"https:\/\/oz-it.de\/wp-content\/uploads\/2018\/12\/ecotel-logo_rgb_weich.jpg\" alt=\"\" class=\"wp-image-46\"\/><\/figure>\n\n\n\n<p class=\"wp-block-paragraph\">Daten- und Telefonleitungen \u00fcberall verf\u00fcgbar zu machen ist die Maxime von ecotel. Durch unsere Partnerschaft mit ecotel k\u00f6nnen wir Ihnen an nahezu jedem Standort ein breites Portfolio aller Netzbetreiber anbieten. Wir definieren mit Ihnen Ihren Bedarf und k\u00fcmmern uns mit ecotel um die Bereitstellung der Leitungen. Gerade wenn Sie als Unternehmen mit mehreren Standorten auf unterschiedliche Anbieter zur\u00fcckgreifen erhalten Sie mit ecotel einen Ansprechpartner. Hierzu unterh\u00e4lt ecotel auch einen eigenen deutschsprachigen Kundendienst mit eigener Netztechnik, der Ihnen schnell und kompetent weiterhilft.<\/p>\n","protected":false},"excerpt":{"rendered":"<p>Unsere langj\u00e4hrige Erfahrung im Telefonanlagenbau gibt Ihnen die Sicherheit einer zuverl\u00e4ssigen Kommunikation. Geschulte und erfahrene Mitarbeiter erfassen Ihre Prozesse, sowie W\u00fcnsche und l\u00f6sen diese mit fachkundigem Wissen zu Telefonanlagen, Vernetzungen und dem Telefonmarkt. Sie k\u00f6nnen sich auf Ihr Gesch\u00e4ft konzentrieren und nutzen unsere stabilen und skalierbaren L\u00f6sungen f\u00fcr Ihren Erfolg. Als \u00fcber 50 Jahre am &hellip; <a href=\"https:\/\/oz-it.de\/?page_id=43\" class=\"more-link\"><span class=\"screen-reader-text\">\u201eTelekommunikation aus Tradition\u201c <\/span>weiterlesen<\/a><\/p>\n","protected":false},"author":1,"featured_media":0,"parent":0,"menu_order":0,"comment_status":"closed","ping_status":"closed","template":"","meta":{"_crdt_document":"","footnotes":""},"class_list":["post-43","page","type-page","status-publish","hentry"],"jetpack_sharing_enabled":true,"_links":{"self":[{"href":"https:\/\/oz-it.de\/index.php?rest_route=\/wp\/v2\/pages\/43","targetHints":{"allow":["GET"]}}],"collection":[{"href":"https:\/\/oz-it.de\/index.php?rest_route=\/wp\/v2\/pages"}],"about":[{"href":"https:\/\/oz-it.de\/index.php?rest_route=\/wp\/v2\/types\/page"}],"author":[{"embeddable":true,"href":"https:\/\/oz-it.de\/index.php?rest_route=\/wp\/v2\/users\/1"}],"replies":[{"embeddable":true,"href":"https:\/\/oz-it.de\/index.php?rest_route=%2Fwp%2Fv2%2Fcomments&post=43"}],"version-history":[{"count":4,"href":"https:\/\/oz-it.de\/index.php?rest_route=\/wp\/v2\/pages\/43\/revisions"}],"predecessor-version":[{"id":757,"href":"https:\/\/oz-it.de\/index.php?rest_route=\/wp\/v2\/pages\/43\/revisions\/757"}],"wp:attachment":[{"href":"https:\/\/oz-it.de\/index.php?rest_route=%2Fwp%2Fv2%2Fmedia&parent=43"}],"curies":[{"name":"wp","href":"https:\/\/api.w.org\/{rel}","templated":true}]}}